 29. Suppose 0 = -2*p - p + 2*g - i, -5*p + 3*g - 35 = 0. Calculate r(p).
4
Let q(g) = -g**2 + 8*g - 3. Let i(v) = 3*v**2 + 4 + 2 - v**2 - 17*v. Let s(t) = 4*i(t) + 9*q(t). Calculate s(2).
1
Let p = 14 - 18. Let o(n) = -2 - 4*n + 1 + 5*n. Determine o(p).
-5
Let z(t) = -t**3 - t**2 - t. Let m(h) = 4*h**3 + 12*h**2 + 15*h - 11. Let k(l) = -m(l) - 5*z(l). Give k(8).
-5
Let r(c) be the second derivative of 7*c**5/120 - c**3/3 - 3*c. Let n(g) be the second derivative of r(g). Calculate n(-2).
-14
Let k(p) = -p - 4. Suppose 0 = 6*v - v. What is k(v)?
-4
Let t(a) = -4*a**2 + 9. Let f(v) = -11*v**2 + v + 26. Let x(g) = 3*f(g) - 8*t(g). What is x(6)?
-12
Suppose -3*b - 27 = -5*u - 7, 5*b - 3*u = -28. Let f(h) = -h**3 - 5*h**2 + h + 2. Give f(b).
-3
Let x(q) = 2*q**3 - q**2 - q + 1. Let m(l) = -l**3 + 4*l**2 - l - 7. Let k be m(3). Let c be (-1)/k*(0 - -1). Give x(c).
1
Let g(f) = -f**2 + 7*f - 7. Suppose 0 = d + 1 - 3. Suppose 0 = 4*w - d*j - 1 - 17, w + 5*j + 1 = 0. Let t be w + (0 + 3 - 2). Give g(t).
3
Let n(k) = k**3 + 6*k**2 + 4*k - 3. Let x = -8 - -3. Determine n(x).
2
Let z(o) be the first derivative of -o**3 - 7 + o - 1/2*o**2 - 1/4*o**4. Suppose 0*f - 3*f = -i - 11, -3*i = 5*f - 9. What is z(i)?
-1
Suppose -2*j = 3*j - 20. Suppose -6 = 3*x, -4*d - 3*x - 2 + j = 0. Let y(u) = 6 + u**3 - 2 - 3*u**d - 4*u + 5*u**2. Determine y(-4).
-12
Let c(l) = 3*l - 8. Let j(r) = -13*r + 33. Let g(w) = 9*c(w) + 2*j(w). What is g(8)?
2
Let k be (-24)/9 + (-1)/3. Let c(f) = -2*f + 4. Determine c(k).
10
Let w(t) = -10*t**2 + 1. Suppose -3*b - 5 = -2*b - 4*p, 3 = -4*b - p. Calculate w(b).
-9
Let w(h) = -2 - 3 - h + 7 + h**2. What is w(0)?
2
Let d(m) = -m**2 - 2*m + 13. Let f be d(-4). Let q(c) = c - 6. Give q(f).
-1
Let u(p) = -1 + p**2 - p - 1 - 1 + 4. Let y be u(1). Suppose -2*h - y = 2*s - h, -5 = s - 4*h. Let w(i) = 5*i + 1. Give w(s).
-4
Let i(k) = -k + 6. Let r = 15 - 27. Let b = 18 + r. What is i(b)?
0
Let w(r) = -r**3 + r**2 + r - 3. Let f be 2 - (1 + 0)*-6. Let o = 11 - f. Suppose 2*j + 6 = -0*n - 2*n, 4*j - o = n. Determine w(j).
-3
Let d(w) = -16*w - 41. Let k(v) = -3*v - 8. Let s(b) = 2*d(b) - 11*k(b). Calculate s(8).
14
Let l = -18 + 26. Let a(j) = j**3 - 7*j**2 - 6*j - 10. Let s be a(l). Let h(d) = -s*d + 5*d - 1 - 1. Give h(-3).
1
Let g(m) = -4*m + 4*m - m + 3*m. Let i be g(1). Let d(x) = x - 4. Give d(i).
-2
Let y(u) be the third derivative of -1/6*u**4 - 4*u**2 + 0*u + 0*u**3 + 1/360*u**6 - 1/120*u**5 + 0. Let v(g) be the second derivative of y(g). Give v(-4).
-9
Suppose -3 = -4*q - 11. Let u(p) = -2*p**3 - 4*p - 3*p**2 + p**3 - 213 + 210. What is u(q)?
1
Let i be -1 + 9/((-27)/(-4)). Let q(f) be the first derivative of f**2 - i*f**3 - 1 + 4*f. Calculate q(4).
-4
Let w(l) = -l**3 + l**2 - l - 1. Let z(x) = 8*x**3 - 4*x**2 + 6*x + 7. Let k(h) = 6*w(h) + z(h). Calculate k(-2).
-7
Let r be (-9)/(-6)*30/(-9). Let x(y) = -y**3 - 6*y**2 - 8*y - 7. What is x(r)?
8
Let g(u) = u + 1. Let v(a) = a**3 - 8*a**2 - 2*a + 6. Let y be v(8). Let d = 12 + y. What is g(d)?
3
Let j(u) = -15*u + 7. Let z(d) = 9*d - 3. Let n(l) = l. Let q(c) = -2*n(c) + z(c). Let w(g) = -6*j(g) - 13*q(g). Suppose -4*y + y = 15. What is w(y)?
2
Let a(y) = -y**3 + 5*y**2 + 5*y + 1. Let b(h) be the first derivative of h**2 + 2*h + 2. Let x be b(2). What is a(x)?
-5
Let x(q) be the first derivative of q**3/3 + 3*q**2/2 - 9. Give x(-3).
0
Let m(z) be the second derivative of z**4/24 - z**3/3 - 5*z**2/2 + 4*z. Let h(n) be the first derivative of m(n). Calculate h(4).
2
Let b be -3*(4/3 - 3). Suppose -11 = b*j - 1. Let m(x) = -12*x + 39. Let l(s) = -s + 3. Let a(p) = j*m(p) + 27*l(p). Give a(2).
-3
Let o(z) be the first derivative of z**5/60 + z**4/12 - z**3/6 + z**2/2 - 1. Let l(b) be the second derivative of o(b). Determine l(-3).
2
Let n(m) = m + 8. Let l be n(-8). Let o(y) = y**3 - y**2 - y + 15. Calculate o(l).
15
Let f(c) = -c**2 + c - 7. Let y(p) = p**2 - 2*p + 6. Let z(x) = -3*f(x) - 4*y(x). Let q = 7 - 4. What is z(q)?
3
Let m(n) be the second derivative of n**5/20 - n**4/4 - 5*n**3/6 - n**2 - n. Let b(o) = -o**2 - 7*o - 2. Let a be b(-6). Give m(a).
-6
Let a(i) = -i**3 - i**2 + i + 6. Let m = 17 - 17. Calculate a(m).
6
Let v(a) be the third derivative of -a**6/120 + a**5/15 + a**4/6 - a**3/6 - 4*a**2. What is v(5)?
-6
Let j(r) be the second derivative of -r**5/20 + 5*r**4/12 + 4*r**3/3 - 2*r**2 - 8*r. What is j(6)?
8
Let q(v) be the third derivative of 0*v - 1/6*v**3 + v**2 + 1/12*v**4 + 0. Give q(3).
5
Let u(f) = 3 + f - 4 - 1. Let p(o) = 2*o + 24. Let k be p(-10). Calculate u(k).
2
Let s(m) = m**3 - m**2 - 4*m - 3. Suppose 0 = -8*d + 6*d - 4. Calculate s(d).
-7
Let j = 4 + 1. Let h(v) = -v + 12 - 3 + j. Give h(6).
8
Let m(u) = -3. Let b(c) = -c - 1. Let h(t) = 2*b(t) + m(t). Let a(j) = j. Let g be a(-4). Determine h(g).
3
Suppose -3*s + 13 = -2*s. Suppose -4*p - 26 = 3*d, -d + 2*p + p = -s. Let y(w) = w**3 + 3*w**2 + 4*w + 3. Determine y(d).
-1
Let p = 2 - 2. Let c(i) be the third derivative of i**9/60480 - i**7/5040 - i**6/360 - i**5/10 - 3*i**2. Let m(o) be the third derivative of c(o). Give m(p).
-2
Let z(a) be the third derivative of -a**4/24 - a**3/6 + 2*a**2. Let j be ((-3)/4)/(9/(-72)). What is z(j)?
-7
Let n be ((-12)/(-9))/((-2)/(-3)). Let j(y) = 2*y + 2*y - 5*y. Let a(g) = g**3 - 3*g**2 - 3*g + 2. Let l(i) = a(i) - 5*j(i). Calculate l(n).
2
Let u be (30/4)/(12 + -9). Let x(o) be the first derivative of -2 + 0*o + u*o**2. Calculate x(-1).
-5
Let t(m) = -m**2 + 4*m - 2. Let b(s) = -s**3 + 8*s**2 - 6. Let l be b(8). Let p = l + 11. Let o = p - 2. Calculate t(o).
1
Let x be (-100)/(-45) + (-2)/9. Let z(m) = m - 6*m - 4*m**2 + 3*m**x - 2*m. Give z(-4).
12
Suppose g = 6*g. Let a(i) = -4*i. Let u(l) = -3*l + 1. Let q(t) = -4*a(t) + 5*u(t). What is q(g)?
5
Let r(t) = t + 7. Suppose 0*s = -4*s. What is r(s)?
7
Let q(n) = 2*n**3 - 3*n**2 - 3*n - 2. Let g be q(-1). Let f(o) = -o**3 - 5*o**2 - 6*o - 3. What is f(g)?
5
Let h(b) be the second derivative of b**3/6 - 5*b**2/2 + 4*b. Calculate h(5).
0
Let c(p) = 2*p**2 + 4*p + 9. Let q(z) = -z**2 - 2*z - 4. Let n(y) = -2*c(y) - 5*q(y). Let t be (-688)/112 - (-2)/14. Let m be -1*((-2 - t) + -1). What is n(m)?
5
Let h(d) = -d**3 - d**2 + d - 1. Let r(t) = t**3 + 5*t**2 - 4*t + 1. Let v(f) = -2*h(f) - r(f). Let x be -1 + 1 + 2 + -4. Let p = x - -4. What is v(p)?
1
Let y(v) = -v**2 + 5*v - 3. Suppose -5*d = 5*z - 35, 5 = d + 4*z - 17. Let l be 1/(-2) + 17/d. Let u = l + -5. Calculate y(u).
3
Let m(l) = -11*l**2 - l + 4. Let r(j) = -5*j**2 + 2. Let g(y) = -6*m(y) + 13*r(y). Suppose 4*v + 11 + 5 = 0. Give g(v).
-6
Let m(c) = c**3 - 4*c**2. Suppose 0 = 5*k + 5, 3*r - 5*r + 1 = 3*k. Let n be (-1)/4 - (-56)/(-32). Let j = r - n. Determine m(j).
0
Let w(o) = -3 + 3 + 0 - 4*o**2 + 4 + o**3 + 3*o. Suppose -5 = -v - 1. Suppose 4*q - 42 + 14 = -v*p, -5*q = 2*p - 23. What is w(q)?
4
Let z = -93 + 95. Let v(k) = 1 - k - 1 + 2. What is v(z)?
0
Let s(z) = z**3 + z**2 + z - 6. Suppose -3*j = 4*j. Calculate s(j).
-6
Let u(j) = -2*j - 12. Let i be u(-8). Suppose -l + 0 = 3*k + 3, 0 = i*k + 8. Let y(d) = -4 + l + 3 + d. Give y(3).
5
Let d(p) = p**2 - 5*p + 3. Let t(j) = 5*j**2 - 19*j + 14. Let v(f) = -9*d(f) + 2*t(f). Determine v(-6).
-5
Let i(x) = x + 1. Suppose -4*k = 4*n - 12, 2*k + 0 - 4 = -3*n. Calculate i(n).
-1
Suppose 7*y - 4*y + 12 = 0. Let q = 7 + y. Let x(k) = 2 + k**q + 4*k + 0*k + 0*k**3 + 5*k**2. Determine x(-4).
2
Let w be (-1)/((-1)/(-1))*-1. Let j be (0 - w*-2) + 1. Suppose -8 - 5 = 5*h - 2*c, c = j*h + 7. Let q(s) = 4*s**2 - s - 1. Give q(h).
4
Let v(x) = -2*x + 2. Let o = -4 + 2. Determine v(o).
6
Suppose -2*b = -7*b + 25. Let h(a) = -2*a + b*a - 2*a - 2 - a**2. Calculate h(0).
-2
Let g(i) be the third derivative of -i**5/30 + i**4/12 - 4*i**2. Calculate g(2).
-4
Let r(o) = 4*o**2 - 2 - 1 - 3*o**2 + 2*o. Let i be r(-3). Let u(w) = -w**2 + 0 + i - w. Give u(2).
-6
Suppose 4*z + 20 = 3*h, 0*h = 3*h - 3*z - 21. Let t(n) = -n**3 + 9*n**2 - 9*n + 3. Calculate t(h).
-5
Let s = -2 - -4. Suppose -2*t + s = 2*p, 5*t - p = -5*p + 4. Let b(o) = -5*o - 36. Let f(w) = w + 7. Let v(m) = 2*b(m) + 11*f(m). What is v(t)?
5
Let a(x) = -x**2 + 4*x - 3. Let h be 7 + -1 + (-7 - -4 - 0). Calculate a(h).
0
Let n = -9 + 12. Let v(a) = 3*a**n - 5*a**3 + 6*a - 